{"id":969,"date":"2024-04-17T19:11:21","date_gmt":"2024-04-18T00:11:21","guid":{"rendered":"https:\/\/gmegatecnologia.com\/?post_type=product&#038;p=969"},"modified":"2026-01-02T00:22:46","modified_gmt":"2026-01-02T05:22:46","slug":"mouse-logitech-m170-wireless","status":"publish","type":"product","link":"https:\/\/gmegatecnologia.com\/index.php\/producto\/mouse-logitech-m170-wireless\/","title":{"rendered":"Mouse Logitech M170 Wireless"},"content":{"rendered":"<ol>\n<li><strong>MARCA:<\/strong> Logitech<\/li>\n<li><strong>MODELO:<\/strong> M170<\/li>\n<li><strong>CARACTER\u00cdSTICAS:<\/strong>\n<ul>\n<li><strong>PLUG &amp; PLAY:<\/strong> Est\u00e1 listo a la vez que t\u00fa. Simplemente conecta el receptor en un puerto USB de tu dispositivo para comenzar a trabajar en segundos.<\/li>\n<li><strong>DISE\u00d1O:<\/strong> El compacto M170 inal\u00e1mbrico tiene un dise\u00f1o ambidiestro y un tama\u00f1o id\u00f3neo para la bolsa de la laptop, para que zurdos y diestros puedan trabajar donde quieran.<\/li>\n<li><strong>INAL\u00c1MBRICO:<\/strong> Hasta 10 metros de libertad inal\u00e1mbrica con un receptor USB potente y confiable.<\/li>\n<li><strong>NAVEGACI\u00d3N SENCILLA:<\/strong> Navegar con este mouse es sencillo gracias al desplazamiento controlado l\u00ednea por l\u00ednea y el seguimiento \u00f3ptico. El sensor \u00f3ptico ofrece un control del cursor suave y preciso en casi cualquier superficie. As\u00ed los movimientos del mouse son m\u00e1s exactos, sin desperdiciar ning\u00fan click.<\/li>\n<li><strong>CALIDAD CONFIABLE:<\/strong> El mouse se ha fabricado conforme a los est\u00e1ndares de alta calidad que han convertido a Logitech en el l\u00edder mundial en mouse y teclados. Duradero y confiable: el M170 funciona hasta 12 meses sin cambiar las bater\u00edas gracias al conmutador de encendido\/apagado y al modo de suspensi\u00f3n autom\u00e1tica para el ahorro de energ\u00eda.<\/li>\n<li><strong>ERGONOM\u00cdA:<\/strong> Usar un mouse es m\u00e1s ergon\u00f3mico que un touchpad. Su forma compacta y su capacidad inal\u00e1mbrica te permiten trabajar confortablemente en casa, en la oficina o en cualquier otro lugar.<\/li>\n<li><strong>COMPATIBILIDAD:<\/strong> Conexi\u00f3n inal\u00e1mbrica de 2.4 GHz, Requiere: Puerto USB disponible, Windows 10,11 o posterior, macOS 10.8 o posterior, Chrome OS, Linux kernel 2.6.<\/li>\n<li><strong>SENSOR:<\/strong> Seguimiento \u00f3ptico uniforme.<\/li>\n<li><strong>DPI:<\/strong> 1000.<\/li>\n<li><strong>BOTONES:<\/strong> 3 (click izquierdo\/derecho, click de bot\u00f3n central). Rueda de desplazamiento: S\u00ed, 2D, \u00f3ptico.<\/li>\n<li><strong>BATER\u00cdA:<\/strong> 1 x AA (incluida).<\/li>\n<li><strong>RADIO DE ACCI\u00d3N:<\/strong> 10 m.<\/li>\n<li><strong>CONEXI\u00d3N ENCENDIDO:<\/strong> S\u00ed, interruptor de encendido\/apagado.<\/li>\n<li><strong>DIMENSIONES MOUSE:<\/strong> 97.7 x 61.5 x 35,2 mm<\/li>\n<li><strong>PESO:<\/strong> 70,5 g<\/li>\n<li><strong>DIMENSIONES RECEPTOR:<\/strong> 6,6 x 23,1 x 18,7 mm<\/li>\n<li><strong>PESO:<\/strong> 1,8 g.<\/li>\n<\/ul>\n<\/li>\n<\/ol>\n","protected":false},"excerpt":{"rendered":"<p>El Logitech M170 es un mouse inal\u00e1mbrico compacto y ambidiestro que ofrece control suave del cursor y navegaci\u00f3n sencilla. Con una duraci\u00f3n de bater\u00eda de hasta 12 meses, es ergon\u00f3mico y compatible con una amplia gama de sistemas operativos.<\/p>\n","protected":false},"featured_media":979,"template":"","meta":[],"product_brand":[],"product_cat":[37],"product_tag":[],"class_list":{"0":"post-969","1":"product","2":"type-product","3":"status-publish","4":"has-post-thumbnail","6":"product_cat-perifericos","8":"first","9":"instock","10":"sale","11":"featured","12":"shipping-taxable","13":"purchasable","14":"product-type-variable"},"_links":{"self":[{"href":"https:\/\/gmegatecnologia.com\/index.php\/wp-json\/wp\/v2\/product\/969","targetHints":{"allow":["GET"]}}],"collection":[{"href":"https:\/\/gmegatecnologia.com\/index.php\/wp-json\/wp\/v2\/product"}],"about":[{"href":"https:\/\/gmegatecnologia.com\/index.php\/wp-json\/wp\/v2\/types\/product"}],"wp:featuredmedia":[{"embeddable":true,"href":"https:\/\/gmegatecnologia.com\/index.php\/wp-json\/wp\/v2\/media\/979"}],"wp:attachment":[{"href":"https:\/\/gmegatecnologia.com\/index.php\/wp-json\/wp\/v2\/media?parent=969"}],"wp:term":[{"taxonomy":"product_brand","embeddable":true,"href":"https:\/\/gmegatecnologia.com\/index.php\/wp-json\/wp\/v2\/product_brand?post=969"},{"taxonomy":"product_cat","embeddable":true,"href":"https:\/\/gmegatecnologia.com\/index.php\/wp-json\/wp\/v2\/product_cat?post=969"},{"taxonomy":"product_tag","embeddable":true,"href":"https:\/\/gmegatecnologia.com\/index.php\/wp-json\/wp\/v2\/product_tag?post=969"}],"curies":[{"name":"wp","href":"https:\/\/api.w.org\/{rel}","templated":true}]}}