{"id":5064,"date":"2026-04-09T10:20:11","date_gmt":"2026-04-09T15:20:11","guid":{"rendered":"https:\/\/gmegatecnologia.com\/?post_type=product&#038;p=5064"},"modified":"2026-04-09T11:38:53","modified_gmt":"2026-04-09T16:38:53","slug":"monitor-gamer-asus-tuf-vg279q3r-de-27-full-hd-1920x1080-panel-fast-ips-180hz-1ms-freesync-90lm0ad1-b01eb0","status":"publish","type":"product","link":"https:\/\/gmegatecnologia.com\/index.php\/producto\/monitor-gamer-asus-tuf-vg279q3r-de-27-full-hd-1920x1080-panel-fast-ips-180hz-1ms-freesync-90lm0ad1-b01eb0\/","title":{"rendered":"MONITOR GAMER ASUS TUF VG279Q3R DE 27&#8243; FULL HD (1920X1080), PANEL FAST IPS, 180HZ, 1MS, FREESYNC (90LM0AD1-B01EB0)"},"content":{"rendered":"<p><!--StartFragment --><\/p>\n<p>El ASUS TUF VG279Q3R es un monitor gamer de 27\u201d Full HD con panel Fast IPS, frecuencia de actualizaci\u00f3n de hasta 180Hz y tiempo de respuesta de 1ms, dise\u00f1ado para ofrecer m\u00e1xima fluidez y precisi\u00f3n en juegos competitivos. <!--EndFragment --><\/p>\n","protected":false},"excerpt":{"rendered":"<div>\u2022 Pantalla de 27 pulgadas (26.9\u201d visible)<\/div>\n<div>\u2022 Resoluci\u00f3n Full HD (1920&#215;1080)<\/div>\n<div>\u2022 Panel Fast IPS<\/div>\n<div>\u2022 Frecuencia de actualizaci\u00f3n 180Hz<\/div>\n<div>\u2022 Tiempo de respuesta 1ms (GTG)<\/div>\n<div>\u2022 Relaci\u00f3n de aspecto 16:9<\/div>\n<div>\u2022 Brillo 250 nits<\/div>\n<div>\u2022 Contraste 1000:1<\/div>\n<div>\u2022 \u00c1ngulos de visi\u00f3n 178\u00b0\/178\u00b0<\/div>\n<div>\u2022 Colores 16.7 millones<\/div>\n<div>\u2022 Cobertura sRGB 100%<\/div>\n<div>\u2022 AMD FreeSync \/ Adaptive-Sync<\/div>\n<div>\u2022 ELMB (Extreme Low Motion Blur)<\/div>\n<div>\u2022 Variable Overdrive<\/div>\n<div>\u2022 Shadow Boost (mejora zonas oscuras)<\/div>\n<div>\u2022 Flicker-Free (sin parpadeo)<\/div>\n<div>\u2022 Filtro de luz azul<\/div>\n<div>\u2022 Pantalla antirreflejo (anti-glare)<\/div>\n<div>\u2022 Parlantes integrados (2W x2)<\/div>\n<div>\u2022 Puertos:<\/div>\n<div>2 HDMI 2.0<\/div>\n<div>1 DisplayPort 1.2<\/div>\n<div>Jack de audio<\/div>\n","protected":false},"featured_media":5065,"template":"","meta":[],"product_brand":[],"product_cat":[29],"product_tag":[],"class_list":{"0":"post-5064","1":"product","2":"type-product","3":"status-publish","4":"has-post-thumbnail","6":"product_cat-monitores","8":"first","9":"instock","10":"sale","11":"shipping-taxable","12":"purchasable","13":"product-type-simple"},"_links":{"self":[{"href":"https:\/\/gmegatecnologia.com\/index.php\/wp-json\/wp\/v2\/product\/5064","targetHints":{"allow":["GET"]}}],"collection":[{"href":"https:\/\/gmegatecnologia.com\/index.php\/wp-json\/wp\/v2\/product"}],"about":[{"href":"https:\/\/gmegatecnologia.com\/index.php\/wp-json\/wp\/v2\/types\/product"}],"wp:featuredmedia":[{"embeddable":true,"href":"https:\/\/gmegatecnologia.com\/index.php\/wp-json\/wp\/v2\/media\/5065"}],"wp:attachment":[{"href":"https:\/\/gmegatecnologia.com\/index.php\/wp-json\/wp\/v2\/media?parent=5064"}],"wp:term":[{"taxonomy":"product_brand","embeddable":true,"href":"https:\/\/gmegatecnologia.com\/index.php\/wp-json\/wp\/v2\/product_brand?post=5064"},{"taxonomy":"product_cat","embeddable":true,"href":"https:\/\/gmegatecnologia.com\/index.php\/wp-json\/wp\/v2\/product_cat?post=5064"},{"taxonomy":"product_tag","embeddable":true,"href":"https:\/\/gmegatecnologia.com\/index.php\/wp-json\/wp\/v2\/product_tag?post=5064"}],"curies":[{"name":"wp","href":"https:\/\/api.w.org\/{rel}","templated":true}]}}