{"id":4986,"date":"2026-02-19T12:30:13","date_gmt":"2026-02-19T17:30:13","guid":{"rendered":"https:\/\/gmegatecnologia.com\/?post_type=product&#038;p=4986"},"modified":"2026-02-19T14:58:40","modified_gmt":"2026-02-19T19:58:40","slug":"monitor-xiaomi-22-pulgadas-a22i-75hz-fhd-va-1-hdmi-1-vga-negro-a22fab-ragl","status":"publish","type":"product","link":"https:\/\/gmegatecnologia.com\/index.php\/producto\/monitor-xiaomi-22-pulgadas-a22i-75hz-fhd-va-1-hdmi-1-vga-negro-a22fab-ragl\/","title":{"rendered":"MONITOR XIAOMI 22 PULGADAS A22I 75HZ, FHD, VA, 1 HDMI, 1 VGA NEGRO (A22FAB-RAGL)"},"content":{"rendered":"<p>el Xiaomi A22i 22&#8243; combina FHD, 75Hz, panel VA y 2 entradas de video en un formato compacto y ligero, siendo una opci\u00f3n pr\u00e1ctica para setups b\u00e1sicos y de oficina.<\/p>\n","protected":false},"excerpt":{"rendered":"<p>&#8211; Tama\u00f1o: 22&#8243;<br \/>\n&#8211; Resoluci\u00f3n: Full HD (1920 \u00d7 1080 p\u00edxeles)<br \/>\n&#8211; Tipo de panel: VA (mejor contraste que IPS, negros m\u00e1s profundos)<br \/>\n&#8211; Frecuencia de actualizaci\u00f3n: 75Hz<br \/>\n&#8211; Tiempo de respuesta: 6ms t\u00edpico<br \/>\n&#8211; Contraste est\u00e1tico: 3000:1<br \/>\n&#8211; Brillo m\u00e1ximo: 250 nits<br \/>\n&#8211; Cobertura de color: 99% sRGB, 8 bits (16.7 millones de colores)<br \/>\n&#8211; \u00c1ngulos de visi\u00f3n: 178\u00b0 (H\/V)<\/p>\n","protected":false},"featured_media":4987,"template":"","meta":[],"product_brand":[],"product_cat":[29],"product_tag":[],"class_list":{"0":"post-4986","1":"product","2":"type-product","3":"status-publish","4":"has-post-thumbnail","6":"product_cat-monitores","8":"first","9":"instock","10":"sale","11":"shipping-taxable","12":"purchasable","13":"product-type-simple"},"_links":{"self":[{"href":"https:\/\/gmegatecnologia.com\/index.php\/wp-json\/wp\/v2\/product\/4986","targetHints":{"allow":["GET"]}}],"collection":[{"href":"https:\/\/gmegatecnologia.com\/index.php\/wp-json\/wp\/v2\/product"}],"about":[{"href":"https:\/\/gmegatecnologia.com\/index.php\/wp-json\/wp\/v2\/types\/product"}],"wp:featuredmedia":[{"embeddable":true,"href":"https:\/\/gmegatecnologia.com\/index.php\/wp-json\/wp\/v2\/media\/4987"}],"wp:attachment":[{"href":"https:\/\/gmegatecnologia.com\/index.php\/wp-json\/wp\/v2\/media?parent=4986"}],"wp:term":[{"taxonomy":"product_brand","embeddable":true,"href":"https:\/\/gmegatecnologia.com\/index.php\/wp-json\/wp\/v2\/product_brand?post=4986"},{"taxonomy":"product_cat","embeddable":true,"href":"https:\/\/gmegatecnologia.com\/index.php\/wp-json\/wp\/v2\/product_cat?post=4986"},{"taxonomy":"product_tag","embeddable":true,"href":"https:\/\/gmegatecnologia.com\/index.php\/wp-json\/wp\/v2\/product_tag?post=4986"}],"curies":[{"name":"wp","href":"https:\/\/api.w.org\/{rel}","templated":true}]}}