{"id":4747,"date":"2025-10-01T17:36:03","date_gmt":"2025-10-01T22:36:03","guid":{"rendered":"https:\/\/gmegatecnologia.com\/?post_type=product&#038;p=4747"},"modified":"2025-10-01T17:36:03","modified_gmt":"2025-10-01T22:36:03","slug":"placa-madre-intel-msi-pro-b760m-e-911-7d48-067","status":"publish","type":"product","link":"https:\/\/gmegatecnologia.com\/index.php\/producto\/placa-madre-intel-msi-pro-b760m-e-911-7d48-067\/","title":{"rendered":"PLACA MADRE INTEL MSI PRO B760M-E (911-7D48-067)"},"content":{"rendered":"<ul>\n<li>Chipset B760, Micro ATX<\/li>\n<li>DDR4 hasta 5333\u202fMHz (OC)<\/li>\n<li>1\u00d7 M.2 PCIe Gen4, 4\u00d7 SATA<\/li>\n<li>HDMI, VGA, LAN 1Gbps<\/li>\n<\/ul>\n","protected":false},"excerpt":{"rendered":"<p>Placa microATX con chipset B760, soporte para Intel 12\u00aa\/13\u00aa gen, DDR4 hasta 4800 MHz, 1\u00d7 M.2 Gen4, 4\u00d7 SATA III, PCIe 4.0 x16, buena opci\u00f3n para productividad y gaming medio.<\/p>\n","protected":false},"featured_media":4749,"template":"","meta":[],"product_brand":[],"product_cat":[36],"product_tag":[],"class_list":{"0":"post-4747","1":"product","2":"type-product","3":"status-publish","4":"has-post-thumbnail","6":"product_cat-partes-de-pc","8":"first","9":"instock","10":"sale","11":"shipping-taxable","12":"purchasable","13":"product-type-simple"},"_links":{"self":[{"href":"https:\/\/gmegatecnologia.com\/index.php\/wp-json\/wp\/v2\/product\/4747","targetHints":{"allow":["GET"]}}],"collection":[{"href":"https:\/\/gmegatecnologia.com\/index.php\/wp-json\/wp\/v2\/product"}],"about":[{"href":"https:\/\/gmegatecnologia.com\/index.php\/wp-json\/wp\/v2\/types\/product"}],"wp:featuredmedia":[{"embeddable":true,"href":"https:\/\/gmegatecnologia.com\/index.php\/wp-json\/wp\/v2\/media\/4749"}],"wp:attachment":[{"href":"https:\/\/gmegatecnologia.com\/index.php\/wp-json\/wp\/v2\/media?parent=4747"}],"wp:term":[{"taxonomy":"product_brand","embeddable":true,"href":"https:\/\/gmegatecnologia.com\/index.php\/wp-json\/wp\/v2\/product_brand?post=4747"},{"taxonomy":"product_cat","embeddable":true,"href":"https:\/\/gmegatecnologia.com\/index.php\/wp-json\/wp\/v2\/product_cat?post=4747"},{"taxonomy":"product_tag","embeddable":true,"href":"https:\/\/gmegatecnologia.com\/index.php\/wp-json\/wp\/v2\/product_tag?post=4747"}],"curies":[{"name":"wp","href":"https:\/\/api.w.org\/{rel}","templated":true}]}}