{"id":4744,"date":"2025-10-01T17:30:58","date_gmt":"2025-10-01T22:30:58","guid":{"rendered":"https:\/\/gmegatecnologia.com\/?post_type=product&#038;p=4744"},"modified":"2025-10-01T17:30:59","modified_gmt":"2025-10-01T22:30:59","slug":"placa-madre-msi-pro-h610m-g-s-v-l-ddr4-911-7d46-210","status":"publish","type":"product","link":"https:\/\/gmegatecnologia.com\/index.php\/producto\/placa-madre-msi-pro-h610m-g-s-v-l-ddr4-911-7d46-210\/","title":{"rendered":"PLACA MADRE MSI PRO H610M-G S\/V\/L DDR4 (911-7D46-210)"},"content":{"rendered":"<ul>\n<li>Chipset H610, Micro ATX<\/li>\n<li>DDR4 hasta 3200\u202fMHz<\/li>\n<li>1\u00d7 M.2 PCIe Gen3, 4\u00d7 SATA<\/li>\n<li>HDMI, VGA, LAN 1Gbps<\/li>\n<\/ul>\n","protected":false},"excerpt":{"rendered":"<p>Placa microATX con chipset H610, soporte para Intel 12\u00aa\/13\u00aa gen, DDR4 hasta 3200 MHz, 1\u00d7 M.2 Gen3, 4\u00d7 SATA III, conectividad b\u00e1sica, ideal para oficina y uso general.<\/p>\n","protected":false},"featured_media":4745,"template":"","meta":[],"product_brand":[],"product_cat":[36],"product_tag":[],"class_list":{"0":"post-4744","1":"product","2":"type-product","3":"status-publish","4":"has-post-thumbnail","6":"product_cat-partes-de-pc","8":"first","9":"instock","10":"sale","11":"shipping-taxable","12":"purchasable","13":"product-type-simple"},"_links":{"self":[{"href":"https:\/\/gmegatecnologia.com\/index.php\/wp-json\/wp\/v2\/product\/4744","targetHints":{"allow":["GET"]}}],"collection":[{"href":"https:\/\/gmegatecnologia.com\/index.php\/wp-json\/wp\/v2\/product"}],"about":[{"href":"https:\/\/gmegatecnologia.com\/index.php\/wp-json\/wp\/v2\/types\/product"}],"wp:featuredmedia":[{"embeddable":true,"href":"https:\/\/gmegatecnologia.com\/index.php\/wp-json\/wp\/v2\/media\/4745"}],"wp:attachment":[{"href":"https:\/\/gmegatecnologia.com\/index.php\/wp-json\/wp\/v2\/media?parent=4744"}],"wp:term":[{"taxonomy":"product_brand","embeddable":true,"href":"https:\/\/gmegatecnologia.com\/index.php\/wp-json\/wp\/v2\/product_brand?post=4744"},{"taxonomy":"product_cat","embeddable":true,"href":"https:\/\/gmegatecnologia.com\/index.php\/wp-json\/wp\/v2\/product_cat?post=4744"},{"taxonomy":"product_tag","embeddable":true,"href":"https:\/\/gmegatecnologia.com\/index.php\/wp-json\/wp\/v2\/product_tag?post=4744"}],"curies":[{"name":"wp","href":"https:\/\/api.w.org\/{rel}","templated":true}]}}