{"id":4692,"date":"2025-09-24T11:40:41","date_gmt":"2025-09-24T16:40:41","guid":{"rendered":"https:\/\/gmegatecnologia.com\/?post_type=product&#038;p=4692"},"modified":"2025-09-24T11:40:41","modified_gmt":"2025-09-24T16:40:41","slug":"psu-xpg-core-reactor-ii-750w-80-gold-fm-corereactorii750g-bkcu","status":"publish","type":"product","link":"https:\/\/gmegatecnologia.com\/index.php\/producto\/psu-xpg-core-reactor-ii-750w-80-gold-fm-corereactorii750g-bkcu\/","title":{"rendered":"PSU XPG CORE REACTOR II 750W 80+ GOLD FM (COREREACTORII750G-BKCU)"},"content":{"rendered":"<p>Fuente modular 750W, certificaci\u00f3n 80+ Gold. Eficiencia energ\u00e9tica y buena ventilaci\u00f3n.<\/p>\n","protected":false},"excerpt":{"rendered":"<ul>\n<li>Potencia: 750W<\/li>\n<li>Certificaci\u00f3n: 80 Plus Gold<\/li>\n<li>Modularidad: Full Modular<\/li>\n<\/ul>\n","protected":false},"featured_media":4690,"template":"","meta":[],"product_brand":[],"product_cat":[36],"product_tag":[],"class_list":{"0":"post-4692","1":"product","2":"type-product","3":"status-publish","4":"has-post-thumbnail","6":"product_cat-partes-de-pc","8":"first","9":"instock","10":"sale","11":"shipping-taxable","12":"purchasable","13":"product-type-simple"},"_links":{"self":[{"href":"https:\/\/gmegatecnologia.com\/index.php\/wp-json\/wp\/v2\/product\/4692","targetHints":{"allow":["GET"]}}],"collection":[{"href":"https:\/\/gmegatecnologia.com\/index.php\/wp-json\/wp\/v2\/product"}],"about":[{"href":"https:\/\/gmegatecnologia.com\/index.php\/wp-json\/wp\/v2\/types\/product"}],"wp:featuredmedia":[{"embeddable":true,"href":"https:\/\/gmegatecnologia.com\/index.php\/wp-json\/wp\/v2\/media\/4690"}],"wp:attachment":[{"href":"https:\/\/gmegatecnologia.com\/index.php\/wp-json\/wp\/v2\/media?parent=4692"}],"wp:term":[{"taxonomy":"product_brand","embeddable":true,"href":"https:\/\/gmegatecnologia.com\/index.php\/wp-json\/wp\/v2\/product_brand?post=4692"},{"taxonomy":"product_cat","embeddable":true,"href":"https:\/\/gmegatecnologia.com\/index.php\/wp-json\/wp\/v2\/product_cat?post=4692"},{"taxonomy":"product_tag","embeddable":true,"href":"https:\/\/gmegatecnologia.com\/index.php\/wp-json\/wp\/v2\/product_tag?post=4692"}],"curies":[{"name":"wp","href":"https:\/\/api.w.org\/{rel}","templated":true}]}}