{"id":4593,"date":"2025-09-11T12:38:47","date_gmt":"2025-09-11T17:38:47","guid":{"rendered":"https:\/\/gmegatecnologia.com\/?post_type=product&#038;p=4593"},"modified":"2025-09-11T12:38:47","modified_gmt":"2025-09-11T17:38:47","slug":"audifono-con-microfono-logitech-b2b-h570e-usb-mono-negro-981-000570","status":"publish","type":"product","link":"https:\/\/gmegatecnologia.com\/index.php\/producto\/audifono-con-microfono-logitech-b2b-h570e-usb-mono-negro-981-000570\/","title":{"rendered":"AUDIFONO CON MICROFONO LOGITECH B2B H570E USB MONO NEGRO (981- 000570)"},"content":{"rendered":"<p>Aud\u00edfono Logitech H570E USB Mono (981-000570), dise\u00f1ado para uso empresarial. Conectividad USB Plug &amp; Play compatible con Windows, macOS y Chromebook. Micr\u00f3fono con supresi\u00f3n de ruido y cancelaci\u00f3n de eco, respuesta de frecuencia 100\u202fHz\u201318\u202fkHz, sensibilidad -47\u202fdB \u00b13\u202fdB. Aud\u00edfono con respuesta de frecuencia 31.5\u202fHz\u201320\u202fkHz, sensibilidad 94\u202fdB \u00b13\u202fdB. Diadema acolchada reforzada, almohadilla de piel sint\u00e9tica, controles integrados (volumen, mute, llamada).<\/p>\n","protected":false},"excerpt":{"rendered":"<ul>\n<li><strong>Tipo<\/strong>: Diadema monoaural con micr\u00f3fono<\/li>\n<li><strong>Conectividad<\/strong>: USB-A cableado<\/li>\n<li><strong>Micr\u00f3fono<\/strong>:\n<ul>\n<li>Unidireccional con cancelaci\u00f3n de ruido<\/li>\n<li>Respuesta de frecuencia: 100\u202fHz \u2013 18\u202fkHz<\/li>\n<li>Sensibilidad: \u201347\u202fdB \u00b1 3\u202fdB<\/li>\n<\/ul>\n<\/li>\n<li><strong>Aud\u00edfono<\/strong>:\n<ul>\n<li>Respuesta de frecuencia: 31.5\u202fHz \u2013 20\u202fkHz<\/li>\n<li>Sensibilidad: 94\u202fdB \u00b1 3\u202fdB<\/li>\n<\/ul>\n<\/li>\n<p><!--EndFragment --><\/ul>\n<p>&nbsp;<\/p>\n","protected":false},"featured_media":4594,"template":"","meta":[],"product_brand":[],"product_cat":[37],"product_tag":[],"class_list":{"0":"post-4593","1":"product","2":"type-product","3":"status-publish","4":"has-post-thumbnail","6":"product_cat-perifericos","8":"first","9":"instock","10":"sale","11":"shipping-taxable","12":"purchasable","13":"product-type-simple"},"_links":{"self":[{"href":"https:\/\/gmegatecnologia.com\/index.php\/wp-json\/wp\/v2\/product\/4593","targetHints":{"allow":["GET"]}}],"collection":[{"href":"https:\/\/gmegatecnologia.com\/index.php\/wp-json\/wp\/v2\/product"}],"about":[{"href":"https:\/\/gmegatecnologia.com\/index.php\/wp-json\/wp\/v2\/types\/product"}],"wp:featuredmedia":[{"embeddable":true,"href":"https:\/\/gmegatecnologia.com\/index.php\/wp-json\/wp\/v2\/media\/4594"}],"wp:attachment":[{"href":"https:\/\/gmegatecnologia.com\/index.php\/wp-json\/wp\/v2\/media?parent=4593"}],"wp:term":[{"taxonomy":"product_brand","embeddable":true,"href":"https:\/\/gmegatecnologia.com\/index.php\/wp-json\/wp\/v2\/product_brand?post=4593"},{"taxonomy":"product_cat","embeddable":true,"href":"https:\/\/gmegatecnologia.com\/index.php\/wp-json\/wp\/v2\/product_cat?post=4593"},{"taxonomy":"product_tag","embeddable":true,"href":"https:\/\/gmegatecnologia.com\/index.php\/wp-json\/wp\/v2\/product_tag?post=4593"}],"curies":[{"name":"wp","href":"https:\/\/api.w.org\/{rel}","templated":true}]}}