{"id":4478,"date":"2025-08-14T17:31:58","date_gmt":"2025-08-14T22:31:58","guid":{"rendered":"https:\/\/gmegatecnologia.com\/?post_type=product&#038;p=4478"},"modified":"2025-08-14T17:57:25","modified_gmt":"2025-08-14T22:57:25","slug":"teclado-genius-smart-slimstar-126-ai-copilot-usb-multimedia-sp-blanco-31310017409","status":"publish","type":"product","link":"https:\/\/gmegatecnologia.com\/index.php\/producto\/teclado-genius-smart-slimstar-126-ai-copilot-usb-multimedia-sp-blanco-31310017409\/","title":{"rendered":"TECLADO GENIUS SMART SLIMSTAR 126 AI COPILOT USB MULTIMEDIA SP BLANCO (31310017409)"},"content":{"rendered":"<p><!--StartFragment --><\/p>\n<p>Teclado al\u00e1mbrico USB, idioma espa\u00f1ol, dise\u00f1o ultra delgado tipo chocolate. Incluye tecla dedicada para activar Copilot en Windows 11, 12 teclas multimedia + 4 de acceso r\u00e1pido, superficie tipo metal cepillado, motor Smart Genius para personalizaci\u00f3n avanzada, cable de 1.4\u202fm.<\/p>\n<p>&nbsp;<\/p>\n","protected":false},"excerpt":{"rendered":"<ul>\n<li><strong>Conectividad<\/strong>: USB cableado, plug-and-play<\/li>\n<li><strong>Tecla AI Copilot<\/strong>: acceso directo para Windows 11<\/li>\n<li><strong>Teclas<\/strong>: 12 multimedia + 4 de acceso r\u00e1pido, personalizables v\u00eda Genius APP<\/li>\n<li><strong>Dise\u00f1o<\/strong>: ultra delgado, acabado met\u00e1lico cepillado, escritura silenciosa<\/li>\n<li><strong>Compatibilidad<\/strong>: Windows 7\/8\/10\/11, macOS X 10.8+<\/li>\n<li><strong>Dimensiones<\/strong>: 431.4 \u00d7 117.4 \u00d7 22.4 mm \/ Peso: 416 g<\/li>\n<li><strong>Cable<\/strong>: 1.4 metros<\/li>\n<\/ul>\n","protected":false},"featured_media":4496,"template":"","meta":[],"product_brand":[],"product_cat":[37],"product_tag":[],"class_list":{"0":"post-4478","1":"product","2":"type-product","3":"status-publish","4":"has-post-thumbnail","6":"product_cat-perifericos","8":"first","9":"instock","10":"sale","11":"shipping-taxable","12":"purchasable","13":"product-type-simple"},"_links":{"self":[{"href":"https:\/\/gmegatecnologia.com\/index.php\/wp-json\/wp\/v2\/product\/4478","targetHints":{"allow":["GET"]}}],"collection":[{"href":"https:\/\/gmegatecnologia.com\/index.php\/wp-json\/wp\/v2\/product"}],"about":[{"href":"https:\/\/gmegatecnologia.com\/index.php\/wp-json\/wp\/v2\/types\/product"}],"wp:featuredmedia":[{"embeddable":true,"href":"https:\/\/gmegatecnologia.com\/index.php\/wp-json\/wp\/v2\/media\/4496"}],"wp:attachment":[{"href":"https:\/\/gmegatecnologia.com\/index.php\/wp-json\/wp\/v2\/media?parent=4478"}],"wp:term":[{"taxonomy":"product_brand","embeddable":true,"href":"https:\/\/gmegatecnologia.com\/index.php\/wp-json\/wp\/v2\/product_brand?post=4478"},{"taxonomy":"product_cat","embeddable":true,"href":"https:\/\/gmegatecnologia.com\/index.php\/wp-json\/wp\/v2\/product_cat?post=4478"},{"taxonomy":"product_tag","embeddable":true,"href":"https:\/\/gmegatecnologia.com\/index.php\/wp-json\/wp\/v2\/product_tag?post=4478"}],"curies":[{"name":"wp","href":"https:\/\/api.w.org\/{rel}","templated":true}]}}