{"id":4474,"date":"2025-08-14T17:27:59","date_gmt":"2025-08-14T22:27:59","guid":{"rendered":"https:\/\/gmegatecnologia.com\/?post_type=product&#038;p=4474"},"modified":"2025-08-14T17:56:33","modified_gmt":"2025-08-14T22:56:33","slug":"teclado-genius-smart-kb-100-ai-copilot-usb-sp-negro-31300005401","status":"publish","type":"product","link":"https:\/\/gmegatecnologia.com\/index.php\/producto\/teclado-genius-smart-kb-100-ai-copilot-usb-sp-negro-31300005401\/","title":{"rendered":"TECLADO GENIUS SMART KB-100 AI COPILOT USB SP NEGRO (31300005401)"},"content":{"rendered":"<p><!--StartFragment --><\/p>\n<p><strong>Genius Smart KB-100 AI Copilot USB SP Negro (31300005401)<\/strong>: Teclado con cable USB, idioma espa\u00f1ol, teclas c\u00f3ncavas y tecla dedicada para activar Copilot en Windows 11. Resistente a derrames, con 12 teclas de funci\u00f3n personalizables, motor Smart Genius y cable de 1.5\u202fm. Ideal para mejorar productividad y accesos r\u00e1pidos.<\/p>\n<p><!--EndFragment --><\/p>\n","protected":false},"excerpt":{"rendered":"<ul>\n<li><strong>Conectividad<\/strong>: USB cableado<\/li>\n<li><strong>Tecla AI Copilot<\/strong>: acceso directo para Windows 11<\/li>\n<li><strong>Teclas<\/strong>: c\u00f3ncavas, F1\u2013F12 personalizables v\u00eda Smart Genius<\/li>\n<li><strong>Extras<\/strong>: resistente a derrames, tecla calculadora, perfiles inteligentes<\/li>\n<li><strong>Compatibilidad<\/strong>: Windows 7\/8\/10\/11, macOS X 10.8+<\/li>\n<li><strong>Dimensiones<\/strong>: 440.5 \u00d7 139.6 \u00d7 20 mm \/ Peso: 450 g<\/li>\n<li><strong>Cable<\/strong>: 1.5 metros<\/li>\n<li><strong>Color<\/strong>: negro<\/li>\n<\/ul>\n","protected":false},"featured_media":4494,"template":"","meta":[],"product_brand":[],"product_cat":[37],"product_tag":[],"class_list":{"0":"post-4474","1":"product","2":"type-product","3":"status-publish","4":"has-post-thumbnail","6":"product_cat-perifericos","8":"first","9":"instock","10":"sale","11":"shipping-taxable","12":"purchasable","13":"product-type-simple"},"_links":{"self":[{"href":"https:\/\/gmegatecnologia.com\/index.php\/wp-json\/wp\/v2\/product\/4474","targetHints":{"allow":["GET"]}}],"collection":[{"href":"https:\/\/gmegatecnologia.com\/index.php\/wp-json\/wp\/v2\/product"}],"about":[{"href":"https:\/\/gmegatecnologia.com\/index.php\/wp-json\/wp\/v2\/types\/product"}],"wp:featuredmedia":[{"embeddable":true,"href":"https:\/\/gmegatecnologia.com\/index.php\/wp-json\/wp\/v2\/media\/4494"}],"wp:attachment":[{"href":"https:\/\/gmegatecnologia.com\/index.php\/wp-json\/wp\/v2\/media?parent=4474"}],"wp:term":[{"taxonomy":"product_brand","embeddable":true,"href":"https:\/\/gmegatecnologia.com\/index.php\/wp-json\/wp\/v2\/product_brand?post=4474"},{"taxonomy":"product_cat","embeddable":true,"href":"https:\/\/gmegatecnologia.com\/index.php\/wp-json\/wp\/v2\/product_cat?post=4474"},{"taxonomy":"product_tag","embeddable":true,"href":"https:\/\/gmegatecnologia.com\/index.php\/wp-json\/wp\/v2\/product_tag?post=4474"}],"curies":[{"name":"wp","href":"https:\/\/api.w.org\/{rel}","templated":true}]}}