{"id":3198,"date":"2025-02-19T15:06:30","date_gmt":"2025-02-19T20:06:30","guid":{"rendered":"https:\/\/gmegatecnologia.com\/?post_type=product&#038;p=3198"},"modified":"2025-07-23T11:13:32","modified_gmt":"2025-07-23T16:13:32","slug":"mini-impresora-portatil-58mm-bluetooth-ocpp-m15","status":"publish","type":"product","link":"https:\/\/gmegatecnologia.com\/index.php\/producto\/mini-impresora-portatil-58mm-bluetooth-ocpp-m15\/","title":{"rendered":"MINI IMPRESORA PORTATIL | 58MM | |BLUETOOTH (OCPP-M15)"},"content":{"rendered":"<p>La mini impresora t\u00e9rmica port\u00e1til OCOM OCPP-M15 es una herramienta eficiente para la impresi\u00f3n de recibos y etiquetas en movimiento. Con una velocidad de impresi\u00f3n de hasta 70 mm por segundo (puede llegar hasta 90 mm\/s), y una resoluci\u00f3n de 203 DPI (8 puntos\/mm), esta impresora asegura una calidad de impresi\u00f3n n\u00edtida y r\u00e1pida. Es compatible con m\u00faltiples dispositivos y sistemas operativos, incluyendo Windows, Android e iOS, gracias a su conectividad Bluetooth 4.0 y USB.<\/p>\n","protected":false},"excerpt":{"rendered":"<ul>\n<li><strong>M\u00e9todo de impresi\u00f3n<\/strong>: T\u00e9rmica<\/li>\n<li><strong>Velocidad de impresi\u00f3n<\/strong>: Hasta 70 mm por segundo (puede llegar hasta 90 mm\/s)<\/li>\n<li><strong>Resoluci\u00f3n<\/strong>: 203 DPI (8 puntos\/mm)<\/li>\n<li><strong>Interfaz de conexi\u00f3n<\/strong>: Bluetooth 4.0 y USB<\/li>\n<li><strong>Compatibilidad<\/strong>: Windows, Android, iOS<\/li>\n<li><strong>Bater\u00eda<\/strong>: 2000 mAh 18650, carga USB, tiempo de espera de 4 d\u00edas despu\u00e9s de la carga completa<\/li>\n<li><strong>Dimensiones<\/strong>: 112 x 83 x 54 mm<\/li>\n<li><strong>Peso<\/strong>: 440 g (incluidos accesorios)<\/li>\n<\/ul>\n","protected":false},"featured_media":3205,"template":"","meta":[],"product_brand":[],"product_cat":[30,38],"product_tag":[],"class_list":{"0":"post-3198","1":"product","2":"type-product","3":"status-publish","4":"has-post-thumbnail","6":"product_cat-impresoras","7":"product_cat-puntos-de-venta","9":"first","10":"instock","11":"sale","12":"shipping-taxable","13":"purchasable","14":"product-type-simple"},"_links":{"self":[{"href":"https:\/\/gmegatecnologia.com\/index.php\/wp-json\/wp\/v2\/product\/3198","targetHints":{"allow":["GET"]}}],"collection":[{"href":"https:\/\/gmegatecnologia.com\/index.php\/wp-json\/wp\/v2\/product"}],"about":[{"href":"https:\/\/gmegatecnologia.com\/index.php\/wp-json\/wp\/v2\/types\/product"}],"wp:featuredmedia":[{"embeddable":true,"href":"https:\/\/gmegatecnologia.com\/index.php\/wp-json\/wp\/v2\/media\/3205"}],"wp:attachment":[{"href":"https:\/\/gmegatecnologia.com\/index.php\/wp-json\/wp\/v2\/media?parent=3198"}],"wp:term":[{"taxonomy":"product_brand","embeddable":true,"href":"https:\/\/gmegatecnologia.com\/index.php\/wp-json\/wp\/v2\/product_brand?post=3198"},{"taxonomy":"product_cat","embeddable":true,"href":"https:\/\/gmegatecnologia.com\/index.php\/wp-json\/wp\/v2\/product_cat?post=3198"},{"taxonomy":"product_tag","embeddable":true,"href":"https:\/\/gmegatecnologia.com\/index.php\/wp-json\/wp\/v2\/product_tag?post=3198"}],"curies":[{"name":"wp","href":"https:\/\/api.w.org\/{rel}","templated":true}]}}