{"id":3069,"date":"2025-01-22T14:08:28","date_gmt":"2025-01-22T19:08:28","guid":{"rendered":"https:\/\/gmegatecnologia.com\/?post_type=product&#038;p=3069"},"modified":"2025-01-22T14:10:32","modified_gmt":"2025-01-22T19:10:32","slug":"caja-de-mantenimiento-epson-t04d100","status":"publish","type":"product","link":"https:\/\/gmegatecnologia.com\/index.php\/producto\/caja-de-mantenimiento-epson-t04d100\/","title":{"rendered":"CAJA DE MANTENIMIENTO EPSON T04D100"},"content":{"rendered":"<ul>\n<li><strong>Marca<\/strong>: Epson<\/li>\n<li><strong>N\u00famero de Parte<\/strong>: T04D100<\/li>\n<li><strong>Compatibilidad<\/strong>: Impresoras Epson EcoTank ET-3700, ET-3750, ET-4750, y WorkForce Pro L6270, L6171, L6191<\/li>\n<li><strong>Funci\u00f3n<\/strong>: Almacena la tinta que se elimina del sistema durante la limpieza del cabezal de impresi\u00f3n<\/li>\n<li><strong>Indicador de Cambio<\/strong>: Su impresora y software le informar\u00e1n cu\u00e1ndo es necesario reemplazar la caja de mantenimiento<\/li>\n<li><strong>Instalaci\u00f3n<\/strong>: F\u00e1cil de instalar, sigue los pasos indicados en la pantalla LCD de la impresora<\/li>\n<li><strong>Beneficios<\/strong>: Mejora los resultados de impresi\u00f3n y prolonga la vida \u00fatil de la impresora al limpiar y calibrar el cabezal de impresi\u00f3n<\/li>\n<li><strong>Duraci\u00f3n<\/strong>: Se recomienda reemplazarla aproximadamente cada 6 meses, dependiendo del uso<\/li>\n<\/ul>\n","protected":false},"excerpt":{"rendered":"<p>La Caja de Mantenimiento Epson T04D100 es un accesorio dise\u00f1ado para impresoras Epson EcoTank y WorkForce Pro, como los modelos L6270, L6171, L6191, y ET-3700. Su funci\u00f3n principal es recolectar la tinta que se elimina del sistema durante la limpieza del cabezal de impresi\u00f3n, lo que ayuda a mantener la calidad de impresi\u00f3n y prolongar la vida \u00fatil de la impresora. La caja de mantenimiento es f\u00e1cil de instalar y cuenta con un sistema de notificaci\u00f3n que le informa al usuario cu\u00e1ndo es necesario reemplazarla. Se recomienda cambiarla aproximadamente cada 6 meses, dependiendo del uso. Adem\u00e1s, es importante seguir las instrucciones en la pantalla LCD de la impresora para evitar derrames de tinta. En resumen, la Caja de Mantenimiento Epson T04D100 es esencial para el mantenimiento y la eficiencia de las impresoras compatibles.<\/p>\n","protected":false},"featured_media":3071,"template":"","meta":[],"product_brand":[],"product_cat":[32],"product_tag":[],"class_list":{"0":"post-3069","1":"product","2":"type-product","3":"status-publish","4":"has-post-thumbnail","6":"product_cat-suministros","8":"first","9":"instock","10":"sale","11":"shipping-taxable","12":"purchasable","13":"product-type-simple"},"_links":{"self":[{"href":"https:\/\/gmegatecnologia.com\/index.php\/wp-json\/wp\/v2\/product\/3069","targetHints":{"allow":["GET"]}}],"collection":[{"href":"https:\/\/gmegatecnologia.com\/index.php\/wp-json\/wp\/v2\/product"}],"about":[{"href":"https:\/\/gmegatecnologia.com\/index.php\/wp-json\/wp\/v2\/types\/product"}],"wp:featuredmedia":[{"embeddable":true,"href":"https:\/\/gmegatecnologia.com\/index.php\/wp-json\/wp\/v2\/media\/3071"}],"wp:attachment":[{"href":"https:\/\/gmegatecnologia.com\/index.php\/wp-json\/wp\/v2\/media?parent=3069"}],"wp:term":[{"taxonomy":"product_brand","embeddable":true,"href":"https:\/\/gmegatecnologia.com\/index.php\/wp-json\/wp\/v2\/product_brand?post=3069"},{"taxonomy":"product_cat","embeddable":true,"href":"https:\/\/gmegatecnologia.com\/index.php\/wp-json\/wp\/v2\/product_cat?post=3069"},{"taxonomy":"product_tag","embeddable":true,"href":"https:\/\/gmegatecnologia.com\/index.php\/wp-json\/wp\/v2\/product_tag?post=3069"}],"curies":[{"name":"wp","href":"https:\/\/api.w.org\/{rel}","templated":true}]}}