{"id":3048,"date":"2025-01-21T15:16:17","date_gmt":"2025-01-21T20:16:17","guid":{"rendered":"https:\/\/gmegatecnologia.com\/?post_type=product&#038;p=3048"},"modified":"2025-01-21T15:17:43","modified_gmt":"2025-01-21T20:17:43","slug":"caja-de-mantenimiento-epson-c9345-pxmb9","status":"publish","type":"product","link":"https:\/\/gmegatecnologia.com\/index.php\/producto\/caja-de-mantenimiento-epson-c9345-pxmb9\/","title":{"rendered":"CAJA DE MANTENIMIENTO EPSON C9345-PXMB9"},"content":{"rendered":"<ul>\n<li><strong>Marca<\/strong>: Epson<\/li>\n<li><strong>Modelo<\/strong>: C9345-PXMB9<\/li>\n<li><strong>Compatibilidad<\/strong>: Epson WorkForce Pro WF-7840, ET-8550, WF-7820, WF-7310, ET-8500, ET-16600, ET-5850, ET-5800, EC-C7000, ET-16650, D570, ST-C8090, ET-5880<\/li>\n<li><strong>Funci\u00f3n<\/strong>: Almacena la tinta descargada del sistema durante la limpieza del cabezal de impresi\u00f3n<\/li>\n<li><strong>Indicador de reemplazo<\/strong>: Su impresora y software indican cu\u00e1ndo es necesario reemplazarla<\/li>\n<li><strong>Rendimiento<\/strong>: Aproximadamente 50,000 p\u00e1ginas<\/li>\n<li><strong>Color<\/strong>: Negro<\/li>\n<\/ul>\n","protected":false},"excerpt":{"rendered":"<p>La Caja de Mantenimiento Epson C9345-PXMB9 est\u00e1 dise\u00f1ada para impresoras Epson como la WorkForce Pro WF-7840, ET-8550, WF-7820, WF-7310, ET-8500, ET-16600, ET-5850, ET-5800, EC-C7000, ET-16650, D570, ST-C8090, y ET-5880. Su funci\u00f3n principal es almacenar la tinta descargada del sistema durante la limpieza del cabezal de impresi\u00f3n. La caja tiene un indicador de reemplazo que te notifica cu\u00e1ndo es necesario cambiarla, asegurando un rendimiento \u00f3ptimo y prolongando la vida \u00fatil de tu impresora. Adem\u00e1s, cuenta con una estructura de PE fuerte y una esponja superabsorbente que puede contener un 20% m\u00e1s de tinta residual. Es una pieza esencial para mantener la calidad de impresi\u00f3n y evitar problemas de tinta.<\/p>\n","protected":false},"featured_media":3049,"template":"","meta":[],"product_brand":[],"product_cat":[32],"product_tag":[],"class_list":{"0":"post-3048","1":"product","2":"type-product","3":"status-publish","4":"has-post-thumbnail","6":"product_cat-suministros","8":"first","9":"instock","10":"sale","11":"shipping-taxable","12":"purchasable","13":"product-type-simple"},"_links":{"self":[{"href":"https:\/\/gmegatecnologia.com\/index.php\/wp-json\/wp\/v2\/product\/3048","targetHints":{"allow":["GET"]}}],"collection":[{"href":"https:\/\/gmegatecnologia.com\/index.php\/wp-json\/wp\/v2\/product"}],"about":[{"href":"https:\/\/gmegatecnologia.com\/index.php\/wp-json\/wp\/v2\/types\/product"}],"wp:featuredmedia":[{"embeddable":true,"href":"https:\/\/gmegatecnologia.com\/index.php\/wp-json\/wp\/v2\/media\/3049"}],"wp:attachment":[{"href":"https:\/\/gmegatecnologia.com\/index.php\/wp-json\/wp\/v2\/media?parent=3048"}],"wp:term":[{"taxonomy":"product_brand","embeddable":true,"href":"https:\/\/gmegatecnologia.com\/index.php\/wp-json\/wp\/v2\/product_brand?post=3048"},{"taxonomy":"product_cat","embeddable":true,"href":"https:\/\/gmegatecnologia.com\/index.php\/wp-json\/wp\/v2\/product_cat?post=3048"},{"taxonomy":"product_tag","embeddable":true,"href":"https:\/\/gmegatecnologia.com\/index.php\/wp-json\/wp\/v2\/product_tag?post=3048"}],"curies":[{"name":"wp","href":"https:\/\/api.w.org\/{rel}","templated":true}]}}