{"id":2720,"date":"2024-11-25T15:34:04","date_gmt":"2024-11-25T20:34:04","guid":{"rendered":"https:\/\/gmegatecnologia.com\/?post_type=product&#038;p=2720"},"modified":"2024-11-25T15:34:31","modified_gmt":"2024-11-25T20:34:31","slug":"parlante-y-audifono-teros-te-6033n-bluetooth-inalambrico-5w-negro","status":"publish","type":"product","link":"https:\/\/gmegatecnologia.com\/index.php\/producto\/parlante-y-audifono-teros-te-6033n-bluetooth-inalambrico-5w-negro\/","title":{"rendered":"PARLANTE Y AUD\u00cdFONO TEROS TE-6033N BLUETOOTH INALAMBRICO 5W NEGRO"},"content":{"rendered":"<ul>\n<li><strong>Tecnolog\u00eda Bluetooth<\/strong>: Conexi\u00f3n inal\u00e1mbrica estable y f\u00e1cil emparejamiento con dispositivos compatibles.<\/li>\n<li><strong>Sonido de 5W<\/strong>: Potente y claro tanto en modo parlante como en aud\u00edfono.<\/li>\n<li><strong>Dise\u00f1o 2 en 1<\/strong>: Funciona como parlante y aud\u00edfono, ideal para diferentes situaciones.<\/li>\n<li><strong>Bater\u00eda recargable<\/strong>: Larga duraci\u00f3n para horas continuas de uso.<\/li>\n<li><strong>Dise\u00f1o compacto y port\u00e1til<\/strong>: F\u00e1cil de llevar y perfecto para viajes o uso diario.<\/li>\n<li><strong>Color negro<\/strong>: Elegante y moderno.<\/li>\n<\/ul>\n","protected":false},"excerpt":{"rendered":"<div class=\"flex max-w-full flex-col flex-grow\">\n<div class=\"min-h-8 text-message flex w-full flex-col items-end gap-2 whitespace-normal break-words [.text-message+&amp;]:mt-5\" dir=\"auto\" data-message-author-role=\"assistant\" data-message-id=\"89d91060-8d0d-4176-9e50-ff50a8309a4b\" data-message-model-slug=\"gpt-4o-mini\">\n<div class=\"flex w-full flex-col gap-1 empty:hidden first:pt-[3px]\">\n<div class=\"markdown prose w-full break-words dark:prose-invert dark\">\n<p>El <strong>parlante y aud\u00edfono TEROS TE-6033N<\/strong> es un dispositivo Bluetooth inal\u00e1mbrico de 5W que combina dos funciones en uno. Ofrece un sonido claro y potente, ideal para escuchar m\u00fasica o realizar llamadas. Su dise\u00f1o vers\u00e1til permite usarlo como parlante o como aud\u00edfono, brindando flexibilidad. Con bater\u00eda recargable de larga duraci\u00f3n, es port\u00e1til y f\u00e1cil de transportar. Su color negro elegante y compacto lo convierte en una opci\u00f3n pr\u00e1ctica para quienes buscan conveniencia y rendimiento.<\/p>\n<\/div>\n<\/div>\n<\/div>\n<\/div>\n<div class=\"mb-2 flex gap-3 empty:hidden -ml-2\">\n<div class=\"items-center justify-start rounded-xl p-1 flex\">\n<div class=\"flex items-center\">\n<p>&nbsp;<\/p>\n<div class=\"flex items-center pb-0\"><span class=\"overflow-hidden text-clip whitespace-nowrap text-sm\">4o mini<\/span><\/div>\n<\/div>\n<\/div>\n<\/div>\n","protected":false},"featured_media":2722,"template":"","meta":[],"product_brand":[],"product_cat":[37,31],"product_tag":[],"class_list":{"0":"post-2720","1":"product","2":"type-product","3":"status-publish","4":"has-post-thumbnail","6":"product_cat-perifericos","7":"product_cat-zona-gamer","9":"first","10":"instock","11":"sale","12":"shipping-taxable","13":"purchasable","14":"product-type-simple"},"_links":{"self":[{"href":"https:\/\/gmegatecnologia.com\/index.php\/wp-json\/wp\/v2\/product\/2720","targetHints":{"allow":["GET"]}}],"collection":[{"href":"https:\/\/gmegatecnologia.com\/index.php\/wp-json\/wp\/v2\/product"}],"about":[{"href":"https:\/\/gmegatecnologia.com\/index.php\/wp-json\/wp\/v2\/types\/product"}],"wp:featuredmedia":[{"embeddable":true,"href":"https:\/\/gmegatecnologia.com\/index.php\/wp-json\/wp\/v2\/media\/2722"}],"wp:attachment":[{"href":"https:\/\/gmegatecnologia.com\/index.php\/wp-json\/wp\/v2\/media?parent=2720"}],"wp:term":[{"taxonomy":"product_brand","embeddable":true,"href":"https:\/\/gmegatecnologia.com\/index.php\/wp-json\/wp\/v2\/product_brand?post=2720"},{"taxonomy":"product_cat","embeddable":true,"href":"https:\/\/gmegatecnologia.com\/index.php\/wp-json\/wp\/v2\/product_cat?post=2720"},{"taxonomy":"product_tag","embeddable":true,"href":"https:\/\/gmegatecnologia.com\/index.php\/wp-json\/wp\/v2\/product_tag?post=2720"}],"curies":[{"name":"wp","href":"https:\/\/api.w.org\/{rel}","templated":true}]}}