{"id":2602,"date":"2024-11-15T14:10:55","date_gmt":"2024-11-15T19:10:55","guid":{"rendered":"https:\/\/gmegatecnologia.com\/?post_type=product&#038;p=2602"},"modified":"2024-11-15T14:20:13","modified_gmt":"2024-11-15T19:20:13","slug":"puntero-logitech-r500-wireless-20m-laser-rojo","status":"publish","type":"product","link":"https:\/\/gmegatecnologia.com\/index.php\/producto\/puntero-logitech-r500-wireless-20m-laser-rojo\/","title":{"rendered":"PUNTERO LOGITECH R500 INALAMBRICO 20M LASER ROJO"},"content":{"rendered":"<ul>\n<li><strong>Tipo de puntero<\/strong>: L\u00e1ser rojo.<\/li>\n<li><strong>Alcance inal\u00e1mbrico<\/strong>: Hasta 20 metros (dependiendo de las condiciones del entorno).<\/li>\n<li><strong>Conectividad<\/strong>: Inal\u00e1mbrica, mediante receptor USB tipo USB-A.<\/li>\n<li><strong>Tecnolog\u00eda de conexi\u00f3n<\/strong>: 2.4 GHz (con receptor USB).<\/li>\n<li><strong>Compatibilidad<\/strong>: Funciona con Windows, macOS, Linux, y algunas distribuciones de Chrome OS. No requiere software adicional para funcionar.<\/li>\n<li><strong>Botones<\/strong>:\n<ul>\n<li><strong>Avance de diapositiva<\/strong> (normalmente bot\u00f3n principal).<\/li>\n<li><strong>Retroceso de diapositiva<\/strong>.<\/li>\n<li><strong>Bot\u00f3n de inicio<\/strong> (para ir a la diapositiva inicial o comenzar la presentaci\u00f3n).<\/li>\n<li><strong>Bot\u00f3n de l\u00e1ser<\/strong> para activar el puntero l\u00e1ser.<\/li>\n<\/ul>\n<\/li>\n<li><strong>Alimentaci\u00f3n<\/strong>: Funciona con una bater\u00eda AAA (hasta 12 meses de duraci\u00f3n con un uso promedio).<\/li>\n<li><strong>Dise\u00f1o<\/strong>: Compacto, ergon\u00f3mico y ligero para un agarre c\u00f3modo durante presentaciones.<\/li>\n<li><strong>Indicadores LED<\/strong>: LED de estado de bater\u00eda.<\/li>\n<li><strong>Dimensiones<\/strong>: Aproximadamente 12,4 x 3,8 x 2,1 cm.<\/li>\n<li><strong>Peso<\/strong>: Aproximadamente 50 gramos sin bater\u00eda.<\/li>\n<\/ul>\n","protected":false},"excerpt":{"rendered":"<p>El puntero <strong>Logitech R500 Wireless 20m Laser Rojo<\/strong> es un dispositivo inal\u00e1mbrico con alcance de hasta 20 metros. Utiliza un l\u00e1ser rojo para destacar puntos en las presentaciones. Conectividad mediante receptor USB de 2.4 GHz y compatible con Windows, macOS, Linux y Chrome OS. Tiene botones para avanzar, retroceder y activar el l\u00e1ser. Funciona con una bater\u00eda AAA que dura hasta 12 meses. Su dise\u00f1o ergon\u00f3mico y ligero (50 g) lo hace c\u00f3modo para usar durante presentaciones largas. Ideal para profesionales.<\/p>\n","protected":false},"featured_media":2603,"template":"","meta":[],"product_brand":[],"product_cat":[37],"product_tag":[],"class_list":{"0":"post-2602","1":"product","2":"type-product","3":"status-publish","4":"has-post-thumbnail","6":"product_cat-perifericos","8":"first","9":"instock","10":"sale","11":"shipping-taxable","12":"purchasable","13":"product-type-simple"},"_links":{"self":[{"href":"https:\/\/gmegatecnologia.com\/index.php\/wp-json\/wp\/v2\/product\/2602","targetHints":{"allow":["GET"]}}],"collection":[{"href":"https:\/\/gmegatecnologia.com\/index.php\/wp-json\/wp\/v2\/product"}],"about":[{"href":"https:\/\/gmegatecnologia.com\/index.php\/wp-json\/wp\/v2\/types\/product"}],"wp:featuredmedia":[{"embeddable":true,"href":"https:\/\/gmegatecnologia.com\/index.php\/wp-json\/wp\/v2\/media\/2603"}],"wp:attachment":[{"href":"https:\/\/gmegatecnologia.com\/index.php\/wp-json\/wp\/v2\/media?parent=2602"}],"wp:term":[{"taxonomy":"product_brand","embeddable":true,"href":"https:\/\/gmegatecnologia.com\/index.php\/wp-json\/wp\/v2\/product_brand?post=2602"},{"taxonomy":"product_cat","embeddable":true,"href":"https:\/\/gmegatecnologia.com\/index.php\/wp-json\/wp\/v2\/product_cat?post=2602"},{"taxonomy":"product_tag","embeddable":true,"href":"https:\/\/gmegatecnologia.com\/index.php\/wp-json\/wp\/v2\/product_tag?post=2602"}],"curies":[{"name":"wp","href":"https:\/\/api.w.org\/{rel}","templated":true}]}}