{"id":2567,"date":"2025-02-03T15:20:56","date_gmt":"2025-02-03T20:20:56","guid":{"rendered":"https:\/\/gmegatecnologia.com\/?post_type=product&#038;p=2567"},"modified":"2025-02-03T16:25:15","modified_gmt":"2025-02-03T21:25:15","slug":"teclado-logitech-mouse-mk220-inalambrico-negro","status":"publish","type":"product","link":"https:\/\/gmegatecnologia.com\/index.php\/producto\/teclado-logitech-mouse-mk220-inalambrico-negro\/","title":{"rendered":"TECLADO LOGITECH + MOUSE MK220 INALAMBRICO NEGRO"},"content":{"rendered":"<h3><strong>Teclado Logitech MK220<\/strong>:<\/h3>\n<ul>\n<li><strong>Conexi\u00f3n<\/strong>: Inal\u00e1mbrica v\u00eda receptor USB de 2.4 GHz.<\/li>\n<li><strong>Teclas<\/strong>: 104 teclas de bajo perfil, silenciosas y compactas.<\/li>\n<li><strong>Duraci\u00f3n de bater\u00eda<\/strong>: Hasta 2 a\u00f1os (dependiendo del uso).<\/li>\n<li><strong>Dise\u00f1o<\/strong>: Compacto y liviano, ideal para espacios peque\u00f1os.<\/li>\n<li><strong>Compatibilidad<\/strong>: Windows, macOS y Linux.<\/li>\n<\/ul>\n<h3><strong>Mouse Logitech MK220<\/strong>:<\/h3>\n<ul>\n<li><strong>Conexi\u00f3n<\/strong>: Inal\u00e1mbrico v\u00eda receptor USB de 2.4 GHz.<\/li>\n<li><strong>Sensibilidad<\/strong>: 1000 dpi (precisi\u00f3n adecuada para tareas diarias).<\/li>\n<li><strong>Dise\u00f1o<\/strong>: Compacto, ambidiestro y c\u00f3modo.<\/li>\n<li><strong>Duraci\u00f3n de bater\u00eda<\/strong>: Hasta 1 a\u00f1o (dependiendo del uso).<\/li>\n<li><strong>Compatibilidad<\/strong>: Windows, macOS y Linux.<\/li>\n<\/ul>\n","protected":false},"excerpt":{"rendered":"<p>El Teclado Logitech MK220 y el Mouse Logitech MK220 son una opci\u00f3n compacta y econ\u00f3mica con conexi\u00f3n inal\u00e1mbrica. Ambos dispositivos utilizan un receptor USB de 2.4 GHz, ofreciendo una conexi\u00f3n estable sin cables. El teclado tiene 104 teclas de bajo perfil, es silencioso y tiene un dise\u00f1o resistente a derrames, con una duraci\u00f3n de bater\u00eda de hasta 2 a\u00f1os. El mouse tiene una resoluci\u00f3n de 1000 dpi, ideal para tareas diarias, y su bater\u00eda dura hasta 1 a\u00f1o. Ambos son compatibles con Windows, macOS y Linux. Perfecto para quienes buscan un set inal\u00e1mbrico, eficiente y de larga duraci\u00f3n para el hogar o la oficina.<\/p>\n<p>&nbsp;<\/p>\n<p>&nbsp;<\/p>\n","protected":false},"featured_media":2569,"template":"","meta":[],"product_brand":[],"product_cat":[37],"product_tag":[],"class_list":{"0":"post-2567","1":"product","2":"type-product","3":"status-publish","4":"has-post-thumbnail","6":"product_cat-perifericos","8":"first","9":"instock","10":"sale","11":"shipping-taxable","12":"purchasable","13":"product-type-simple"},"_links":{"self":[{"href":"https:\/\/gmegatecnologia.com\/index.php\/wp-json\/wp\/v2\/product\/2567","targetHints":{"allow":["GET"]}}],"collection":[{"href":"https:\/\/gmegatecnologia.com\/index.php\/wp-json\/wp\/v2\/product"}],"about":[{"href":"https:\/\/gmegatecnologia.com\/index.php\/wp-json\/wp\/v2\/types\/product"}],"wp:featuredmedia":[{"embeddable":true,"href":"https:\/\/gmegatecnologia.com\/index.php\/wp-json\/wp\/v2\/media\/2569"}],"wp:attachment":[{"href":"https:\/\/gmegatecnologia.com\/index.php\/wp-json\/wp\/v2\/media?parent=2567"}],"wp:term":[{"taxonomy":"product_brand","embeddable":true,"href":"https:\/\/gmegatecnologia.com\/index.php\/wp-json\/wp\/v2\/product_brand?post=2567"},{"taxonomy":"product_cat","embeddable":true,"href":"https:\/\/gmegatecnologia.com\/index.php\/wp-json\/wp\/v2\/product_cat?post=2567"},{"taxonomy":"product_tag","embeddable":true,"href":"https:\/\/gmegatecnologia.com\/index.php\/wp-json\/wp\/v2\/product_tag?post=2567"}],"curies":[{"name":"wp","href":"https:\/\/api.w.org\/{rel}","templated":true}]}}