{"id":2438,"date":"2025-08-07T16:00:45","date_gmt":"2025-08-07T21:00:45","guid":{"rendered":"https:\/\/gmegatecnologia.com\/?post_type=product&#038;p=2438"},"modified":"2025-08-07T16:43:25","modified_gmt":"2025-08-07T21:43:25","slug":"teclado-targus-multi-device-bluetooth-inalambrico-antimicrobial-negro","status":"publish","type":"product","link":"https:\/\/gmegatecnologia.com\/index.php\/producto\/teclado-targus-multi-device-bluetooth-inalambrico-antimicrobial-negro\/","title":{"rendered":"TECLADO TARGUS MULTI-DEVICE BLUETOOTH\/INALAMBRICO ANTIMICROBIAL NEGRO"},"content":{"rendered":"<ul>\n<li><strong>Conectividad Bluetooth<\/strong>: Permite emparejarse de manera inal\u00e1mbrica con m\u00faltiples dispositivos, como computadoras, tabletas y smartphones.<\/li>\n<li><strong>Compatibilidad Multidispositivo<\/strong>: Puede conectar y alternar entre varios dispositivos (hasta tres) de forma r\u00e1pida y sencilla.<\/li>\n<li><strong>Tratamiento Antimicrobiano<\/strong>: Su superficie est\u00e1 dise\u00f1ada con un recubrimiento antimicrobiano que ayuda a reducir la proliferaci\u00f3n de g\u00e9rmenes y bacterias, promoviendo una mejor higiene.<\/li>\n<li><strong>Teclas de Bajo Perfil<\/strong>: Ofrecen una experiencia de escritura c\u00f3moda y silenciosa, ideal para el uso en oficinas y entornos p\u00fablicos.<\/li>\n<li><strong>Dise\u00f1o Compacto y Ligero<\/strong>: Su dise\u00f1o port\u00e1til facilita su transporte, siendo ideal para quienes est\u00e1n en movimiento.<\/li>\n<li><strong>Bater\u00eda de Larga Duraci\u00f3n<\/strong>: Proporciona un uso prolongado sin necesidad de recargar con frecuencia.<\/li>\n<li><strong>Interruptores de Encendido\/Apagado<\/strong>: Ayudan a conservar la bater\u00eda cuando el teclado no est\u00e1 en uso.<\/li>\n<li><strong>Compatible con Varios Sistemas Operativos<\/strong>: Funciona con Windows, macOS, iOS y Android, lo que lo hace vers\u00e1til para diferentes usuarios.<\/li>\n<\/ul>\n","protected":false},"excerpt":{"rendered":"<div class=\"flex max-w-full flex-col flex-grow\">\n<div class=\"min-h-8 text-message flex w-full flex-col items-end gap-2 whitespace-normal break-words [.text-message+&amp;]:mt-5\" dir=\"auto\" data-message-author-role=\"assistant\" data-message-id=\"235ff1a6-f95c-4029-80b9-68e6f3139d71\" data-message-model-slug=\"gpt-4o-mini\">\n<div class=\"flex w-full flex-col gap-1 empty:hidden first:pt-[3px]\">\n<div class=\"markdown prose w-full break-words dark:prose-invert dark\">\n<p>El teclado Targus Multi-Device Bluetooth Antimicrobial en espa\u00f1ol es una soluci\u00f3n vers\u00e1til y pr\u00e1ctica para usuarios que necesitan conectividad con m\u00faltiples dispositivos. Dise\u00f1ado para emparejarse f\u00e1cilmente con computadoras, tabletas y smartphones, permite la conexi\u00f3n con hasta tres dispositivos simult\u00e1neamente, facilitando el cambio entre ellos. Su tratamiento antimicrobiano reduce la acumulaci\u00f3n de g\u00e9rmenes y bacterias, ofreciendo una experiencia m\u00e1s higi\u00e9nica. Las teclas de bajo perfil aseguran una escritura c\u00f3moda y silenciosa, ideal para entornos de trabajo. Con un dise\u00f1o compacto y ligero, es f\u00e1cil de transportar. La bater\u00eda de larga duraci\u00f3n y los interruptores de encendido\/apagado ayudan a conservar energ\u00eda, convirti\u00e9ndolo en una opci\u00f3n eficiente y funcional.<\/p>\n<\/div>\n<\/div>\n<\/div>\n<\/div>\n","protected":false},"featured_media":4470,"template":"","meta":[],"product_brand":[],"product_cat":[37,31],"product_tag":[],"class_list":{"0":"post-2438","1":"product","2":"type-product","3":"status-publish","4":"has-post-thumbnail","6":"product_cat-perifericos","7":"product_cat-zona-gamer","9":"first","10":"instock","11":"sale","12":"shipping-taxable","13":"purchasable","14":"product-type-simple"},"_links":{"self":[{"href":"https:\/\/gmegatecnologia.com\/index.php\/wp-json\/wp\/v2\/product\/2438","targetHints":{"allow":["GET"]}}],"collection":[{"href":"https:\/\/gmegatecnologia.com\/index.php\/wp-json\/wp\/v2\/product"}],"about":[{"href":"https:\/\/gmegatecnologia.com\/index.php\/wp-json\/wp\/v2\/types\/product"}],"wp:featuredmedia":[{"embeddable":true,"href":"https:\/\/gmegatecnologia.com\/index.php\/wp-json\/wp\/v2\/media\/4470"}],"wp:attachment":[{"href":"https:\/\/gmegatecnologia.com\/index.php\/wp-json\/wp\/v2\/media?parent=2438"}],"wp:term":[{"taxonomy":"product_brand","embeddable":true,"href":"https:\/\/gmegatecnologia.com\/index.php\/wp-json\/wp\/v2\/product_brand?post=2438"},{"taxonomy":"product_cat","embeddable":true,"href":"https:\/\/gmegatecnologia.com\/index.php\/wp-json\/wp\/v2\/product_cat?post=2438"},{"taxonomy":"product_tag","embeddable":true,"href":"https:\/\/gmegatecnologia.com\/index.php\/wp-json\/wp\/v2\/product_tag?post=2438"}],"curies":[{"name":"wp","href":"https:\/\/api.w.org\/{rel}","templated":true}]}}