{"id":1947,"date":"2024-12-30T13:40:28","date_gmt":"2024-12-30T18:40:28","guid":{"rendered":"https:\/\/gmegatecnologia.com\/?post_type=product&#038;p=1947"},"modified":"2024-12-30T14:12:26","modified_gmt":"2024-12-30T19:12:26","slug":"teclado-logitech-g213-prodigy-rgb-gaming","status":"publish","type":"product","link":"https:\/\/gmegatecnologia.com\/index.php\/producto\/teclado-logitech-g213-prodigy-rgb-gaming\/","title":{"rendered":"Teclado Logitech G213 Prodigy Rgb Gaming Con Cable Negro"},"content":{"rendered":"<div class=\"flex-1 overflow-hidden\">\n<div class=\"h-full\">\n<div class=\"react-scroll-to-bottom--css-lfhkd-79elbk h-full\">\n<div class=\"react-scroll-to-bottom--css-lfhkd-1n7m0yu\">\n<div class=\"flex flex-col text-sm md:pb-9\">\n<div class=\"w-full text-token-text-primary\" dir=\"auto\" data-testid=\"conversation-turn-5\" data-scroll-anchor=\"true\">\n<div class=\"py-2 juice:py-[18px] px-3 text-base md:px-4 m-auto md:px-5 lg:px-1 xl:px-5\">\n<div class=\"mx-auto flex flex-1 gap-3 text-base juice:gap-4 juice:md:gap-5 juice:lg:gap-6 md:max-w-3xl lg:max-w-[40rem] xl:max-w-[48rem]\">\n<div class=\"group\/conversation-turn relative flex w-full min-w-0 flex-col agent-turn\">\n<div class=\"flex-col gap-1 md:gap-3\">\n<div class=\"flex flex-grow flex-col max-w-full\">\n<div class=\"min-h-[20px] text-message flex flex-col items-start whitespace-pre-wrap break-words [.text-message+&amp;]:mt-5 juice:w-full juice:items-end overflow-x-auto gap-3\" dir=\"auto\" data-message-author-role=\"assistant\" data-message-id=\"7708c537-8249-400f-9e84-7b93a8328ac6\">\n<div class=\"markdown prose w-full break-words dark:prose-invert dark\">\n<p>El teclado Logitech G213 Prodigy RGB Gaming cuenta con las siguientes caracter\u00edsticas:<\/p>\n<ol>\n<li><strong>Dise\u00f1o Resistente a Derrames:<\/strong> Protecci\u00f3n contra derrames accidentales.<\/li>\n<li><strong>Retroiluminaci\u00f3n RGB:<\/strong> Personalizable con hasta 16.8 millones de colores y cinco zonas de iluminaci\u00f3n.<\/li>\n<li><strong>Teclas Silenciosas y T\u00e1ctiles:<\/strong> Ofrecen respuesta t\u00e1ctil y sonido reducido al presionarlas.<\/li>\n<li><strong>Reposamanos Integrado:<\/strong> Para mayor comodidad durante largas sesiones de juego.<\/li>\n<li><strong>Teclas Multimedia Dedicadas:<\/strong> Acceso r\u00e1pido a controles multimedia.<\/li>\n<li><strong>Software de Personalizaci\u00f3n:<\/strong> Permite configurar la iluminaci\u00f3n, crear macros y ajustar otras configuraciones.<\/li>\n<li><strong>Construcci\u00f3n Duradera:<\/strong> Resistente y dise\u00f1ado para un uso prolongado.<\/li>\n<li><strong>Compatibilidad:<\/strong> Compatible con Windows 10, 8.1, 8 y 7.<\/li>\n<\/ol>\n<p>Estas caracter\u00edsticas hacen del Logitech G213 Prodigy un teclado vers\u00e1til y funcional para jugadores que buscan rendimiento y personalizaci\u00f3n en sus equipos de juego.<\/p>\n<\/div>\n<\/div>\n<\/div>\n<\/div>\n<\/div>\n<\/div>\n<\/div>\n<\/div>\n<\/div>\n<\/div>\n<\/div>\n<\/div>\n<\/div>\n","protected":false},"excerpt":{"rendered":"<p>El teclado Logitech G213 Prodigy RGB Gaming est\u00e1 dise\u00f1ado para ofrecer una experiencia de juego optimizada con teclas silenciosas y t\u00e1ctiles, retroiluminaci\u00f3n RGB personalizable y resistencia a derrames. Incluye teclas multimedia, un reposamanos integrado y software de personalizaci\u00f3n avanzada para ajustar la iluminaci\u00f3n y asignar macros. Es ideal para jugadores que buscan un teclado accesible pero potente para mejorar su rendimiento en juegos.<\/p>\n","protected":false},"featured_media":1948,"template":"","meta":[],"product_brand":[],"product_cat":[31],"product_tag":[],"class_list":{"0":"post-1947","1":"product","2":"type-product","3":"status-publish","4":"has-post-thumbnail","6":"product_cat-zona-gamer","8":"first","9":"instock","10":"sale","11":"shipping-taxable","12":"purchasable","13":"product-type-simple"},"_links":{"self":[{"href":"https:\/\/gmegatecnologia.com\/index.php\/wp-json\/wp\/v2\/product\/1947","targetHints":{"allow":["GET"]}}],"collection":[{"href":"https:\/\/gmegatecnologia.com\/index.php\/wp-json\/wp\/v2\/product"}],"about":[{"href":"https:\/\/gmegatecnologia.com\/index.php\/wp-json\/wp\/v2\/types\/product"}],"wp:featuredmedia":[{"embeddable":true,"href":"https:\/\/gmegatecnologia.com\/index.php\/wp-json\/wp\/v2\/media\/1948"}],"wp:attachment":[{"href":"https:\/\/gmegatecnologia.com\/index.php\/wp-json\/wp\/v2\/media?parent=1947"}],"wp:term":[{"taxonomy":"product_brand","embeddable":true,"href":"https:\/\/gmegatecnologia.com\/index.php\/wp-json\/wp\/v2\/product_brand?post=1947"},{"taxonomy":"product_cat","embeddable":true,"href":"https:\/\/gmegatecnologia.com\/index.php\/wp-json\/wp\/v2\/product_cat?post=1947"},{"taxonomy":"product_tag","embeddable":true,"href":"https:\/\/gmegatecnologia.com\/index.php\/wp-json\/wp\/v2\/product_tag?post=1947"}],"curies":[{"name":"wp","href":"https:\/\/api.w.org\/{rel}","templated":true}]}}