{"id":1699,"date":"2024-09-16T15:10:18","date_gmt":"2024-09-16T20:10:18","guid":{"rendered":"https:\/\/gmegatecnologia.com\/?post_type=product&#038;p=1699"},"modified":"2024-09-16T15:30:59","modified_gmt":"2024-09-16T20:30:59","slug":"mouse-logitech-pop-bluetooth-mist-arena-gris","status":"publish","type":"product","link":"https:\/\/gmegatecnologia.com\/index.php\/producto\/mouse-logitech-pop-bluetooth-mist-arena-gris\/","title":{"rendered":"Mouse Logitech Pop Bluetooth\/Inalambrico Mist Arena\/Gris"},"content":{"rendered":"<p>El mouse Logitech Pop Bluetooth en \u00abMist Sand Gray\u00bb cuenta con las siguientes caracter\u00edsticas destacadas:<\/p>\n<ol>\n<li>Conexi\u00f3n Bluetooth: Permite una conexi\u00f3n inal\u00e1mbrica sencilla con dispositivos compatibles.<\/li>\n<li>Dise\u00f1o elegante: Presenta un aspecto moderno y sofisticado en tonos de arena gris\u00e1cea.<\/li>\n<li>Comodidad ergon\u00f3mica: Dise\u00f1ado para adaptarse c\u00f3modamente a la mano del usuario durante largos per\u00edodos de uso.<\/li>\n<li>Precisi\u00f3n \u00f3ptica: Ofrece un seguimiento preciso del movimiento en diversas superficies.<\/li>\n<li>Rueda de desplazamiento: Facilita la navegaci\u00f3n y el desplazamiento vertical en documentos y p\u00e1ginas web.<\/li>\n<li>Bater\u00eda de larga duraci\u00f3n: Proporciona una autonom\u00eda prolongada para un uso sin interrupciones.<\/li>\n<li>Botones programables: Permite personalizar la funcionalidad de los botones seg\u00fan las preferencias del usuario.<\/li>\n<\/ol>\n<p>Estas caracter\u00edsticas hacen del mouse Logitech Pop Bluetooth en \u00abMist Sand Gray\u00bb una opci\u00f3n atractiva para aquellos que buscan estilo, comodidad y rendimiento en un dispositivo perif\u00e9rico.<\/p>\n","protected":false},"excerpt":{"rendered":"<div class=\"w-full text-token-text-primary\" dir=\"auto\" data-testid=\"conversation-turn-7\" data-scroll-anchor=\"false\">\n<div class=\"py-2 juice:py-[18px] px-3 text-base md:px-4 m-auto md:px-5 lg:px-1 xl:px-5\">\n<div class=\"mx-auto flex flex-1 gap-3 text-base juice:gap-4 juice:md:gap-6 md:max-w-3xl lg:max-w-[40rem] xl:max-w-[48rem]\">\n<div class=\"group\/conversation-turn relative flex w-full min-w-0 flex-col agent-turn\">\n<div class=\"flex-col gap-1 md:gap-3\">\n<div class=\"flex flex-grow flex-col max-w-full\">\n<div class=\"min-h-[20px] text-message flex flex-col items-start whitespace-pre-wrap break-words [.text-message+&amp;]:mt-5 juice:w-full juice:items-end overflow-x-auto gap-3\" dir=\"auto\" data-message-author-role=\"assistant\" data-message-id=\"08354a72-5706-4811-86e4-5d62e149d9e4\">\n<div class=\"markdown prose w-full break-words dark:prose-invert dark\">\n<p>El mouse Logitech Pop Bluetooth en \u00abMist Sand Gray\u00bb es un dispositivo inal\u00e1mbrico que combina estilo y funcionalidad con un dise\u00f1o elegante en tonos de arena gris\u00e1cea. Ofrece una conexi\u00f3n Bluetooth f\u00e1cil de configurar, comodidad ergon\u00f3mica, precisi\u00f3n \u00f3ptica y una bater\u00eda de larga duraci\u00f3n, todo en un paquete atractivo y moderno.<\/p>\n<\/div>\n<\/div>\n<\/div>\n<\/div>\n<\/div>\n<\/div>\n<\/div>\n<\/div>\n","protected":false},"featured_media":1700,"template":"","meta":[],"product_brand":[],"product_cat":[31],"product_tag":[],"class_list":{"0":"post-1699","1":"product","2":"type-product","3":"status-publish","4":"has-post-thumbnail","6":"product_cat-zona-gamer","8":"first","9":"instock","10":"sale","11":"shipping-taxable","12":"purchasable","13":"product-type-simple"},"_links":{"self":[{"href":"https:\/\/gmegatecnologia.com\/index.php\/wp-json\/wp\/v2\/product\/1699","targetHints":{"allow":["GET"]}}],"collection":[{"href":"https:\/\/gmegatecnologia.com\/index.php\/wp-json\/wp\/v2\/product"}],"about":[{"href":"https:\/\/gmegatecnologia.com\/index.php\/wp-json\/wp\/v2\/types\/product"}],"wp:featuredmedia":[{"embeddable":true,"href":"https:\/\/gmegatecnologia.com\/index.php\/wp-json\/wp\/v2\/media\/1700"}],"wp:attachment":[{"href":"https:\/\/gmegatecnologia.com\/index.php\/wp-json\/wp\/v2\/media?parent=1699"}],"wp:term":[{"taxonomy":"product_brand","embeddable":true,"href":"https:\/\/gmegatecnologia.com\/index.php\/wp-json\/wp\/v2\/product_brand?post=1699"},{"taxonomy":"product_cat","embeddable":true,"href":"https:\/\/gmegatecnologia.com\/index.php\/wp-json\/wp\/v2\/product_cat?post=1699"},{"taxonomy":"product_tag","embeddable":true,"href":"https:\/\/gmegatecnologia.com\/index.php\/wp-json\/wp\/v2\/product_tag?post=1699"}],"curies":[{"name":"wp","href":"https:\/\/api.w.org\/{rel}","templated":true}]}}