{"id":1509,"date":"2024-05-22T12:24:25","date_gmt":"2024-05-22T17:24:25","guid":{"rendered":"https:\/\/gmegatecnologia.com\/?post_type=product&#038;p=1509"},"modified":"2024-06-26T13:52:48","modified_gmt":"2024-06-26T18:52:48","slug":"tintas-epson-t544","status":"publish","type":"product","link":"https:\/\/gmegatecnologia.com\/index.php\/producto\/tintas-epson-t544\/","title":{"rendered":"Tintas Epson T544"},"content":{"rendered":"<p>Las tintas Epson T544 son conocidas por su calidad y rendimiento en impresiones de gran formato. Aqu\u00ed est\u00e1n sus caracter\u00edsticas principales:<\/p>\n<ol>\n<li><strong>Colores vibrantes:<\/strong> Las tintas Epson T544 ofrecen una reproducci\u00f3n de color excepcionalmente v\u00edvida y precisa, lo que garantiza impresiones de alta calidad con colores brillantes y n\u00edtidos.<\/li>\n<li><strong>Durabilidad:<\/strong> Estas tintas est\u00e1n dise\u00f1adas para ser duraderas y resistentes al agua, lo que las hace ideales para aplicaciones en exteriores y en interiores que requieren resistencia a la decoloraci\u00f3n y al agua.<\/li>\n<li><strong>Compatibilidad con una amplia gama de medios:<\/strong> Las tintas Epson T544 son compatibles con una variedad de medios de impresi\u00f3n, incluyendo papel fotogr\u00e1fico, papel de bellas artes y material de p\u00f3ster, lo que permite una versatilidad en la elecci\u00f3n de sustratos para impresiones de gran formato.<\/li>\n<li><strong>Secado r\u00e1pido:<\/strong> Estas tintas est\u00e1n formuladas para un secado r\u00e1pido, lo que minimiza el tiempo de espera entre la impresi\u00f3n y el procesamiento posterior, lo que es especialmente importante en entornos de producci\u00f3n de alta velocidad.<\/li>\n<li><strong>Calidad de imagen superior:<\/strong> La tecnolog\u00eda de impresi\u00f3n de Epson garantiza una calidad de imagen superior con detalles finos y gradaciones suaves, lo que resulta en impresiones de alta resoluci\u00f3n y calidad profesional.<\/li>\n<li><strong>Compatibilidad con impresoras Epson:<\/strong> Las tintas Epson T544 est\u00e1n dise\u00f1adas espec\u00edficamente para su uso con ciertos modelos de impresoras de gran formato Epson, asegurando un rendimiento \u00f3ptimo y una compatibilidad perfecta.<\/li>\n<\/ol>\n<p>En resumen, las tintas Epson T544 ofrecen una combinaci\u00f3n de colores vibrantes, durabilidad, versatilidad y calidad de imagen superior, lo que las convierte en una opci\u00f3n popular para impresiones de gran formato en una variedad de aplicaciones.<\/p>\n","protected":false},"excerpt":{"rendered":"<div class=\"flex-1 overflow-hidden\">\n<div class=\"react-scroll-to-bottom--css-lixqx-79elbk h-full\">\n<div class=\"react-scroll-to-bottom--css-lixqx-1n7m0yu\">\n<div>\n<div class=\"flex flex-col text-sm pb-9\">\n<div class=\"w-full text-token-text-primary\" dir=\"auto\" data-testid=\"conversation-turn-7\" data-scroll-anchor=\"true\">\n<div class=\"py-2 juice:py-[18px] px-3 text-base md:px-4 m-auto md:px-5 lg:px-1 xl:px-5\">\n<div class=\"mx-auto flex flex-1 gap-3 text-base juice:gap-4 juice:md:gap-6 md:max-w-3xl lg:max-w-[40rem] xl:max-w-[48rem]\">\n<div class=\"group\/conversation-turn relative flex w-full min-w-0 flex-col agent-turn\">\n<div class=\"flex-col gap-1 md:gap-3\">\n<div class=\"flex flex-grow flex-col max-w-full\">\n<div class=\"min-h-[20px] text-message flex flex-col items-start whitespace-pre-wrap break-words [.text-message+&amp;]:mt-5 juice:w-full juice:items-end overflow-x-auto gap-3\" dir=\"auto\" data-message-author-role=\"assistant\" data-message-id=\"e3cd33a8-d3c1-49ea-9558-18f6c883e66b\">\n<div class=\"markdown prose w-full break-words dark:prose-invert dark\">\n<p>Las tintas Epson T544 ofrecen colores vibrantes y durabilidad para impresiones de gran formato. Son tintas de secado r\u00e1pido que proporcionan calidad de imagen superior. Est\u00e1n dise\u00f1adas espec\u00edficamente para impresoras Epson de gran formato, garantizando un rendimiento \u00f3ptimo.<\/p>\n<\/div>\n<\/div>\n<\/div>\n<div class=\"mt-1 flex gap-3 empty:hidden juice:-ml-3\">\n<div class=\"-ml-1 mt-0 flex h-7 items-center justify-center gap-[2px] self-end text-gray-400 lg:justify-start lg:self-center visible\"><\/div>\n<\/div>\n<div class=\"pr-2 lg:pr-0\"><\/div>\n<\/div>\n<div class=\"absolute\">\n<div class=\"flex w-full gap-2 items-center justify-center\"><\/div>\n<\/div>\n<\/div>\n<\/div>\n<\/div>\n<\/div>\n<\/div>\n<\/div>\n<\/div>\n<\/div>\n<\/div>\n<div class=\"w-full md:pt-0 dark:border-white\/20 md:border-transparent md:dark:border-transparent md:w-[calc(100%-.5rem)] juice:w-full\">\n<div class=\"px-3 text-base md:px-4 m-auto md:px-5 lg:px-1 xl:px-5\">\n<div class=\"mx-auto flex flex-1 gap-3 text-base juice:gap-4 juice:md:gap-6 md:max-w-3xl lg:max-w-[40rem] xl:max-w-[48rem]\">\n<form class=\"w-full\">\n<div class=\"relative flex h-full max-w-full flex-1 flex-col\">\n<div class=\"absolute bottom-full left-0 right-0\"><\/div>\n<div class=\"flex w-full items-center\"><\/div>\n<\/div>\n<\/form>\n<\/div>\n<\/div>\n<\/div>\n","protected":false},"featured_media":1555,"template":"","meta":[],"product_brand":[],"product_cat":[32],"product_tag":[],"class_list":{"0":"post-1509","1":"product","2":"type-product","3":"status-publish","4":"has-post-thumbnail","6":"product_cat-suministros","8":"first","9":"instock","10":"sale","11":"shipping-taxable","12":"purchasable","13":"product-type-variable"},"_links":{"self":[{"href":"https:\/\/gmegatecnologia.com\/index.php\/wp-json\/wp\/v2\/product\/1509","targetHints":{"allow":["GET"]}}],"collection":[{"href":"https:\/\/gmegatecnologia.com\/index.php\/wp-json\/wp\/v2\/product"}],"about":[{"href":"https:\/\/gmegatecnologia.com\/index.php\/wp-json\/wp\/v2\/types\/product"}],"wp:featuredmedia":[{"embeddable":true,"href":"https:\/\/gmegatecnologia.com\/index.php\/wp-json\/wp\/v2\/media\/1555"}],"wp:attachment":[{"href":"https:\/\/gmegatecnologia.com\/index.php\/wp-json\/wp\/v2\/media?parent=1509"}],"wp:term":[{"taxonomy":"product_brand","embeddable":true,"href":"https:\/\/gmegatecnologia.com\/index.php\/wp-json\/wp\/v2\/product_brand?post=1509"},{"taxonomy":"product_cat","embeddable":true,"href":"https:\/\/gmegatecnologia.com\/index.php\/wp-json\/wp\/v2\/product_cat?post=1509"},{"taxonomy":"product_tag","embeddable":true,"href":"https:\/\/gmegatecnologia.com\/index.php\/wp-json\/wp\/v2\/product_tag?post=1509"}],"curies":[{"name":"wp","href":"https:\/\/api.w.org\/{rel}","templated":true}]}}