{"id":1004,"date":"2025-02-11T14:30:26","date_gmt":"2025-02-11T19:30:26","guid":{"rendered":"https:\/\/gmegatecnologia.com\/?post_type=product&#038;p=1004"},"modified":"2025-02-11T15:58:32","modified_gmt":"2025-02-11T20:58:32","slug":"parlante-genius-sp-hf380bt-usb-power-madera","status":"publish","type":"product","link":"https:\/\/gmegatecnologia.com\/index.php\/producto\/parlante-genius-sp-hf380bt-usb-power-madera\/","title":{"rendered":"PARLANTE GENIUS SP-HF380BT CON CABLE POWER MADERA"},"content":{"rendered":"<p><strong>Marca:<\/strong> GENIUS<\/p>\n<p><strong>Modelo:<\/strong> SP-HF380BT<\/p>\n<p><strong>Parlantes Bluetooth Est\u00e9reo:<\/strong> No solamente proveen de un sonido original potente, sino que tambi\u00e9n puedes elegir entre usar Bluetooth 5.0 o conexi\u00f3n 3.5 mm.<\/p>\n<p><strong>Compatibilidad:<\/strong> Sus modos de conexi\u00f3n le permiten que puedan usarse con: MP3, tel\u00e9fonos celulares, iPad, PC o smart TV.<\/p>\n<p><strong>F\u00e1cil Conexi\u00f3n:<\/strong> Es muy f\u00e1cil emparejar el Bluetooth en l\u00ednea y ajustar el volumen.<\/p>\n<ul>\n<li><strong>Especificaciones:<\/strong>\n<ul>\n<li><strong>Conexi\u00f3n:<\/strong> Bluetooth 5.0 o entrada de l\u00ednea.<\/li>\n<li><strong>Potencia de Salida:<\/strong> RMS 3W<\/li>\n<li><strong>Conductores:<\/strong> 3 pulgadas, 4 Ohm.<\/li>\n<li><strong>Relaci\u00f3n Se\u00f1al Ruido:<\/strong> 75 dB<\/li>\n<li><strong>Frecuencia de Respuesta:<\/strong> 150Hz &#8211; 20KHz<\/li>\n<li><strong>Sensibilidad de Entrada de L\u00ednea:<\/strong> 450 \u00b1 100 mv<\/li>\n<li><strong>Dimensiones:<\/strong> 105 x 90 x 157 mm<\/li>\n<li><strong>Peso:<\/strong> 873 g<\/li>\n<\/ul>\n<\/li>\n<\/ul>\n","protected":false},"excerpt":{"rendered":"<p>Los parlantes Bluetooth est\u00e9reo Genius SP-HF380BT ofrecen una experiencia auditiva excepcional, combinando un sonido potente y original con una conectividad vers\u00e1til. Estos parlantes no solo destacan por su calidad de audio, sino tambi\u00e9n por su facilidad de uso y compatibilidad con una variedad de dispositivos. Ya sea mediante Bluetooth 5.0 o conexi\u00f3n de 3.5 mm, estos altavoces pueden ser utilizados con MP3, tel\u00e9fonos celulares, iPad, PC o smart TV, brindando una experiencia de audio inigualable en cualquier situaci\u00f3n.<\/p>\n","protected":false},"featured_media":1005,"template":"","meta":[],"product_brand":[],"product_cat":[37],"product_tag":[],"class_list":{"0":"post-1004","1":"product","2":"type-product","3":"status-publish","4":"has-post-thumbnail","6":"product_cat-perifericos","8":"first","9":"instock","10":"sale","11":"shipping-taxable","12":"purchasable","13":"product-type-simple"},"_links":{"self":[{"href":"https:\/\/gmegatecnologia.com\/index.php\/wp-json\/wp\/v2\/product\/1004","targetHints":{"allow":["GET"]}}],"collection":[{"href":"https:\/\/gmegatecnologia.com\/index.php\/wp-json\/wp\/v2\/product"}],"about":[{"href":"https:\/\/gmegatecnologia.com\/index.php\/wp-json\/wp\/v2\/types\/product"}],"wp:featuredmedia":[{"embeddable":true,"href":"https:\/\/gmegatecnologia.com\/index.php\/wp-json\/wp\/v2\/media\/1005"}],"wp:attachment":[{"href":"https:\/\/gmegatecnologia.com\/index.php\/wp-json\/wp\/v2\/media?parent=1004"}],"wp:term":[{"taxonomy":"product_brand","embeddable":true,"href":"https:\/\/gmegatecnologia.com\/index.php\/wp-json\/wp\/v2\/product_brand?post=1004"},{"taxonomy":"product_cat","embeddable":true,"href":"https:\/\/gmegatecnologia.com\/index.php\/wp-json\/wp\/v2\/product_cat?post=1004"},{"taxonomy":"product_tag","embeddable":true,"href":"https:\/\/gmegatecnologia.com\/index.php\/wp-json\/wp\/v2\/product_tag?post=1004"}],"curies":[{"name":"wp","href":"https:\/\/api.w.org\/{rel}","templated":true}]}}